 15/(-35) - (-58680)/63?
1
Suppose -8 - 13 = -3*z. Suppose -2*c - 175 = -z*c. Suppose 4*q - 89 - c = 0. What is the tens digit of q?
3
Let t(j) = -3*j + 8. Let y be t(-7). Let s = 72 - y. What is the units digit of s?
3
Let k(r) = -r**2 + 13*r - 5. Let t be k(12). Suppose -t*l = -8*l + 32. Suppose 0*j = 2*j - l. What is the units digit of j?
6
Let o(j) = 1932*j**2 - 3*j - 5. What is the units digit of o(-1)?
0
Let h be -24 - 4 - 4/(-1). Let k = h - -75. Suppose 4*s + s + 5*l - 140 = 0, k = 2*s - 3*l. What is the units digit of s?
7
Let k(g) = -71*g**2 - g - 1. Let c be k(-1). Let i = -6 - c. What is the units digit of i?
5
Let c(n) = 49*n - 162. What is the hundreds digit of c(20)?
8
Let y = 16 - 13. Let s(t) = -t**y + 15*t**2 - 4 + t - 5*t**2 + 5. What is the tens digit of s(10)?
1
Suppose -5*d - 60 = p - 6*p, 0 = 4*p + d - 33. Suppose -c + 2*c = p. Suppose 0 = -c*z + 5*z + 40. What is the units digit of z?
0
Let f(o) be the first derivative of -3*o**2/2 - 11*o + 11. Let m be f(-5). What is the tens digit of 163/4 - m/(-16)?
4
Suppose -5*i + 4*a = -0*i + 300, 2*a = -4*i - 214. Let n = 80 + i. Let h = -17 + n. What is the units digit of h?
7
Let w(h) = 12*h**2 + 2*h - 6. Let q be w(4). Suppose 3*i + 61 + q = 0. Let d = -48 - i. What is the units digit of d?
7
Suppose 6*l = 4183 - 1387. What is the tens digit of l?
6
Let t be (-4)/(-2)*2 + 12. Let c be (-366)/4*t/(-12). Suppose -4*p = -2*l + 62, -5*l + c = -p + 2*p. What is the units digit of l?
5
Let w = 117 + -211. Let i = 181 + w. What is the tens digit of i?
8
Let u(p) be the second derivative of p**4/12 - p**3 + 5*p**2 - 4*p. Let a be u(5). Suppose 80 = -m + a*m. What is the tens digit of m?
2
Let y = -154 + 238. What is the tens digit of y?
8
Let r(h) = h**2 - h - 10. Let y be r(0). Let o be (y/(-30))/((-1)/(-69)). Let b = 32 - o. What is the units digit of b?
9
Suppose -c - c + 2*q = -14, -20 = 4*q. Let j(s) = s**c + 4*s + 2*s + 3 - 6*s. What is the units digit of j(6)?
9
Suppose 0 = -2*v + 41 + 215. Suppose -7*q + 5*q = -v. What is the tens digit of q?
6
Let m be -3 + -3*5*1. Let i be (222/m)/(2/(-12)). Suppose -p + 3*y + 18 = 0, y + 0*y = -5*p + i. What is the units digit of p?
5
Let l = 4610 - -321. What is the thousands digit of l?
4
Suppose 2 = 5*o + 17. Let i be (15/(-9))/(1/o). Suppose n = 5*z - 19, i*z - 3*z = n + 4. What is the units digit of n?
6
Suppose z - g - 13 = 5*z, 5*z = -5*g - 35. Let x(r) = 104*r**2 - 34*r**2 - 6*r**3 - 41*r**2 - 31*r**2. What is the units digit of x(z)?
0
Suppose -4*y = -20 - 0. Suppose -y*o + 15 = -0*o. What is the units digit of o?
3
Suppose -2*h - 6 + 52 = 0. Let o = -16 + h. What is the units digit of o?
7
Let j be 3 + (-14)/(6/(-3)). Suppose j*q - 108 = 8*q. What is the units digit of q?
4
Let a(j) = 11*j**3 + 2 - 2*j**2 - j - 1 + 1. Let x be a(3). Suppose 55 = 5*r - 3*z - 226, -5*r + 4*z = -x. What is the tens digit of r?
5
Let c be 2/(-5) - (-32)/5. What is the tens digit of (-183)/(-3) + c/6?
6
Let f = -840 + 1491. What is the tens digit of f?
5
Let f = 9 + -9. Suppose f = -14*v + 11*v + 63. What is the units digit of v?
1
Suppose t = q - 5, q = -2*t - 2*t - 15. Let p(g) = -g**2 - 3*g + 2. Let n be p(t). What is the units digit of (0 + n + 3)/1?
1
Suppose h - 4 = -r, 0*h - 4*h = 5*r - 16. Let j = h - -29. What is the tens digit of j?
3
Let b = 968 + 176. What is the thousands digit of b?
1
Let g = -75 - -48. Let k = g - -82. What is the tens digit of k?
5
Let n = -958 - -3359. What is the units digit of n?
1
Let j(d) = -266*d + 1. What is the tens digit of j(-2)?
3
Let b = -5 - -29. Let d(y) = -2*y - 16. Let o be d(-3). Let q = b + o. What is the units digit of q?
4
Let k = -74 + 139. Suppose 7*x - 117 - k = 0. What is the tens digit of x?
2
Let b = 461 - 297. What is the units digit of b?
4
Let b be 450/15*(-4)/(-5). Let u = 6 + -6. Suppose a + 3*o = 8*o + b, u = o + 2. What is the tens digit of a?
1
Suppose -324 = 3*i + 168. Let k = -109 - i. What is the units digit of k?
5
Let t be 8/(-1 - 3) + 6. Suppose 0 = t*o - 462 - 50. What is the units digit of o?
8
Suppose -2*c = -10*q + 7*q - 8044, 2*c - 5*q = 8052. What is the units digit of c?
6
Let l(u) = 3725*u + 40. What is the tens digit of l(1)?
6
Suppose -3*a - 4 + 28 = 0. Let t be 81/(-108) - (270/(-8) + 2). Suppose r - t = -a. What is the units digit of r?
3
Let j = -741 - -1042. What is the tens digit of j?
0
Suppose 5*u - 165 = 675. Let d = u + -120. What is the units digit of d?
8
Let h = -3 - 23. Let a = 72 - h. What is the tens digit of a?
9
Let n(q) = -q - 3. Let w be n(-7). Suppose -5*z = -5*p - w*z + 443, 271 = 3*p + 2*z. What is the tens digit of p/6 + (-4)/(-24)?
1
Let u(b) = 14 - b**3 + b**2 + 11 - 22 - b. Let j be u(0). What is the tens digit of 3/(j/(-5))*-4?
2
Let k be ((-6)/5)/(-4 - 77/(-20)). What is the hundreds digit of (-4068)/(-21) + k/28?
1
Suppose -4*n + 7*n = 3. Let w(k) = 10*k - 20*k + n + 65*k. What is the units digit of w(1)?
6
Let o be 56/(8 - 4) - 1 - 4. Let r(k) = 19*k + 16. What is the units digit of r(o)?
7
What is the tens digit of ((-3548)/(-14))/(6/21)?
8
Let g(w) = -3*w**2 + 5*w - 3. Let k be g(-7). Let a = -129 - k. What is the units digit of a?
6
Let l(w) = 22*w**2 + 71*w - 13. What is the tens digit of l(11)?
3
Suppose -23*q = -8*q - 8835. What is the hundreds digit of q?
5
Let j(x) = -70*x + 1205. What is the tens digit of j(6)?
8
Let w(y) = 29*y + 4. Let r be w(3). Suppose -5*t = r + 74. What is the units digit of 230/55 - (-6)/t?
4
What is the hundreds digit of (20 + -22)/(2/(-116))?
1
Suppose -4*c + k = -681, 2*c + 189 = 3*c - 4*k. What is the hundreds digit of c?
1
Suppose y + 26 - 3 = 2*a, 0 = 2*a + 4*y - 18. Let d = a - -5. What is the units digit of d?
6
Let f(g) = -11*g**3 + 3*g**2 - 7*g - 19. What is the tens digit of f(-6)?
0
Let v(x) = x + 3. Let h be v(0). Suppose -7*b + 3*b - 14 = -3*y, -h*y = b - 19. Suppose -3*f + 2 = -r + f, 4*r - 2*f - y = 0. What is the units digit of r?
2
Let i = 26 + -13. Suppose 4*k = -2*r + 4, -11 + 1 = 5*k - 5*r. What is the tens digit of i + k + 1*2?
1
Suppose 5*l + 0*p - 5*p - 1450 = 0, 4*l - 2*p - 1156 = 0. What is the tens digit of l?
8
What is the units digit of (1 + 4194/(-24))*-4?
5
Let s(i) = -175*i**3 + i**2 - i + 1. Let a be s(1). Let t = 250 + a. What is the tens digit of t?
7
Let v(s) = -5*s**3 + 4*s**2 - s - 7. Let g be v(3). Let p = g - -184. What is the tens digit of p?
7
What is the tens digit of (-34648)/(-76) - (-8)/76?
5
Let a(l) = -303*l - 211. What is the tens digit of a(-2)?
9
Let g(l) = -3*l**3 - 5*l**2 - 4 - 6*l**2 + 6*l**2 + 9*l. What is the hundreds digit of g(-5)?
2
Suppose -6*o + 85 = -779. What is the hundreds digit of o?
1
Let p(v) = -v**3 + 7*v**2 + 4*v + 5. Suppose 4*k + q = 20, 8 = 4*k + 2*q + 2*q. Let z be p(k). Suppose -3*n + z + 58 = 0. What is the tens digit of n?
4
Let b = 8 + 9. Let l = -23 + b. Let z(w) = w**3 + 7*w**2 - w - 4. What is the units digit of z(l)?
8
Let f(r) = -r**2 + 3*r + 18. Let z be f(-3). Let o(c) = 10*c + 115. What is the units digit of o(z)?
5
Let j(o) = -2*o**2 + 4*o + 94. Let r(m) = m**2 - 2*m - 47. Let a(g) = -2*j(g) - 5*r(g). What is the tens digit of a(0)?
4
Let o = 10 - 7. Let m = 5 - o. Suppose -5*z = 3*n - 4, z + m*z = -3*n. What is the units digit of z?
2
Let j(l) = -l**2 - 9*l + 11. Let c be j(-8). Suppose 5*w + c = -r - 21, 25 = 5*r. Let x(n) = -n**3 - 10*n**2 - 11*n - 11. What is the units digit of x(w)?
7
Suppose x - 4 = -0*x. Suppose -x*v + 71 = -r - 95, 4*r - 50 = -v. What is the units digit of v?
2
Suppose -5*y + 2 = 12. What is the tens digit of y/(-4) - (-33)/4*6?
5
Suppose b - v - 451 - 41 = 0, -2*v = 4*b - 1938. What is the tens digit of b?
8
Suppose -l - 3 + 7 = 0. Suppose 0 = -0*m + 4*m - 248. Suppose 46 = l*a - m. What is the tens digit of a?
2
Let f be 46/(-6) + 4/6. Let k = -7 - f. Suppose -3*j + j + 30 = k. What is the tens digit of j?
1
Suppose 2*d + 5*f + 45 = 429, -2*f = -5*d + 1018. What is the hundreds digit of d?
2
Let h(o) = o**3 + 4*o**2 - 5*o + 3. Let x(u) = u**2 + 7*u + 5. Let q be x(-5). Let b be h(q). Suppose -v + 1 = -d, -b = 5*v - 18. What is the units digit of d?
2
What is the units digit of (-8932)/(-140) + 2/10?
4
Suppose -2*b + 6 = 0, -81*p + 82*p = -2*b + 947. What is the hundreds digit of p?
9
Suppose 